of z and 102?
34
Suppose 3*x + 18 = u, 2*x - 68 = -4*u + 32. Let a be -4*4/u - (-107)/3. What is the greatest common divisor of a and 5?
5
Let s(p) = p + 39. Let l be s(-15). Suppose 0 = 4*f + 5 - 149. What is the highest common divisor of l and f?
12
Let n be 1 - (-23 + 8 + -5). Calculate the highest common factor of n and 3.
3
Suppose 8*h = -101 + 165. Let t(n) = n**3 - n**2 + 4*n. Let b be t(4). Calculate the greatest common factor of b and h.
8
Let r = 1815 - 1801. Suppose -4*i + 6*i - 14 = 0. What is the greatest common divisor of r and i?
7
Let k = 0 + 3. Suppose 2*l = -5*p + 129, 2*p = 3*p + k*l - 31. Let i = 53 - 48. What is the greatest common factor of i and p?
5
Suppose -4*b + 11 = -13. Suppose 0 = -3*v + b, -h + 5*h = -v + 18. Suppose 52 = -2*p + h*p. Calculate the greatest common divisor of p and 39.
13
Let b(k) = 3*k**2 + 12*k + 3. Let o be b(-7). Calculate the highest common factor of 44 and o.
22
Suppose 10 + 10 = 4*b + 3*i, 0 = -2*b + 2*i - 4. Suppose 4*w + m - 16 = 0, -4*w - 2*m - b*m = -16. Calculate the highest common factor of 4 and w.
4
Suppose -5660 + 84 = -17*i. What is the highest common factor of 41 and i?
41
Suppose -3*j + 12 = -3. Suppose -j*b + 3*b - 4*n = -28, -b + 5*n = 0. Let m = b + 5. Calculate the greatest common divisor of m and 165.
15
Let y = -132 + 194. What is the greatest common divisor of 155 and y?
31
Suppose -3*k + 8*k - 30 = 0. Let d = k + -6. Suppose d*b + b = 72. What is the greatest common factor of 48 and b?
24
Suppose 4*g = k - 6*k - 4, 4*g = -2*k + 8. Let o be (-32)/(-20)*25/10. What is the highest common factor of o and g?
4
Suppose -5*d + 29 = 9, 0 = 5*o - 3*d - 363. Let n be (-24)/15*o/(-2). Calculate the highest common factor of n and 10.
10
Suppose 7*d = 4*d + 12, 3*h = -5*d + 50. Let y be 41 - (0 - 2/(-2)). What is the greatest common divisor of h and y?
10
Let b(y) = y**2 + 30*y + 117. Let r be b(-33). What is the greatest common factor of r and 144?
72
Suppose -1507*c = -1493*c - 4830. Calculate the greatest common divisor of c and 276.
69
Let q(u) = u**3 + 4*u**2 - 49*u - 146. Let a be q(-3). Calculate the greatest common divisor of 10 and a.
10
Suppose -11*x + 5 = -6*x. Let u be 1/x - (-8 - 45). Suppose -30 = -4*z + u. What is the greatest common factor of 231 and z?
21
Let x(s) = -13*s - 51. Let j(g) = -9*g - 34. Let y(o) = -7*j(o) + 5*x(o). Let c be y(-13). What is the highest common divisor of c and 63?
9
Let w be (-24)/(-60) - (-406)/10. Suppose -23 = -3*r + r + 3*x, -5*r = -2*x - w. What is the highest common divisor of 2 and r?
1
Let q(z) = -z**3 + z**2 - z - 2. Let t = -1 + 1. Let o be q(t). Let m = 1 - o. Calculate the highest common divisor of m and 6.
3
Let l = 238 + -234. Calculate the highest common divisor of 404 and l.
4
Let q be (-16)/(-6)*171/12. Let d = q + 18. Calculate the highest common factor of d and 7.
7
Let u(w) = w**2 + 5*w - 5. Let h be u(-5). Let f be (h + 2)/(4/(-8)). Let z = f + 10. What is the highest common factor of z and 32?
16
Suppose -2*l + 4*k + 12 = -0*l, 0 = -2*l - 5*k - 15. Suppose l = 4*y - 4*i - 220, 0*y = -2*y - 2*i + 98. Calculate the highest common divisor of 39 and y.
13
Suppose -5*k - 173 = 4*x, -5 = 4*k + 15. Let b = 14 - x. Let r(j) = -3*j - 14. Let d be r(-16). Calculate the greatest common factor of b and d.
17
Suppose -5*g + 120 = -160. Let x = -768 - -782. Calculate the greatest common divisor of g and x.
14
Let c(x) = x**3 + 7*x**2 + 5*x - 6. Let w be c(-6). Let o(b) = -b**3 + 2*b**2 + 4. Let g be o(w). Calculate the highest common divisor of 28 and g.
4
Let p = -27 - -45. Suppose -q - 2*o + 155 = p, -5*o + 131 = q. Suppose 6*c - 4*s - 184 = c, 4*c + 3*s - q = 0. What is the greatest common factor of 9 and c?
9
Suppose 5*k + 23*f - 19*f - 1526 = 0, -f = -k + 307. Calculate the greatest common divisor of 18 and k.
18
Let m be (166*1/6)/(3/18). Let d = m - 67. What is the highest common factor of 9 and d?
9
Suppose 97 = -j + 377. What is the highest common divisor of 35 and j?
35
Let t(s) = -173*s - 306. Let h be t(-2). Calculate the greatest common divisor of 770 and h.
10
Let i = 58 - 14. Suppose 10 = b - 3*t, 3*b - 4*t = -8*t + 4. What is the greatest common divisor of b and i?
4
Let c be (-16)/10*(30/12)/(-1). Calculate the greatest common factor of 18 and c.
2
Let q(u) be the first derivative of 1 - 3*u**2 + 3*u**2 + 5 + 3*u**2. Let g be q(1). What is the greatest common divisor of 42 and g?
6
Suppose -7*x + 125 = 20. Let g = 233 + -113. What is the highest common divisor of x and g?
15
Suppose -y = -49 - 23. Suppose -4*z - 10 = 5*p, -8*z - 10 = -10*z + 5*p. Let v be z - -1*(7 + 1). What is the highest common factor of v and y?
8
Suppose 5 = -5*p, 108*p = -5*x + 113*p + 3660. Calculate the highest common divisor of 43 and x.
43
Let c(r) = 3*r**3 - 4*r**2 - 10*r + 17. Let i be c(5). What is the greatest common factor of 44 and i?
22
Suppose -413 + 61 = -8*t. Calculate the highest common divisor of t and 22.
22
Let k be ((-8)/(-10))/(12/(-210)). Let r = 18 + k. Suppose 4*j + 12 = 2*z, 5*z - z = -4*j. Calculate the highest common factor of r and z.
2
Suppose 92 = d - 100. Let t = -41 + 65. What is the greatest common factor of d and t?
24
Let c(x) be the first derivative of x**4/4 + 3*x**3 + 9*x**2/2 + 9*x + 11. Let q be c(-8). What is the greatest common divisor of 7 and q?
1
Let g = -527 - -595. Calculate the greatest common divisor of g and 782.
34
Suppose 3*l + 3 = 0, -42 = -5*k + 3*l + 121. Suppose -9*n = n - 40. Calculate the greatest common factor of n and k.
4
Suppose -o = -6 + 4. Suppose -3*i + 5*k + 11 = 0, 0*i + 4*k + 2 = -i. Suppose o*x = -i*x + 1012. What is the greatest common factor of x and 23?
23
Let s = 421 + -418. Calculate the highest common divisor of s and 129.
3
Let o be (-2)/4*0*(-1)/(-3). Suppose -m + 9 + 31 = o. Calculate the highest common divisor of m and 8.
8
Suppose 40*g + 19200 = 52*g. Calculate the greatest common factor of 25 and g.
25
Suppose -3*r - 302 = -4*d, -3*r = 8*d - 3*d - 391. Let g = 41 - 16. Let t = g - 14. What is the greatest common factor of d and t?
11
Suppose 6*w = 5*w + 1. Suppose 0 = 23*o - 24*o + w. Calculate the highest common divisor of 8 and o.
1
Suppose 5*p = 9*d - 5*d - 584, -146 = -d - 5*p. What is the greatest common factor of 365 and d?
73
Suppose -3*g - 3 + 18 = 0. Suppose 3*t = -2*d - 0 - 3, 4*d = -g*t - 3. Let r be -2*t*(-4 + 6). What is the highest common factor of r and 12?
12
Let m = 12 + 13. Suppose -b + m = 4*b. Suppose -5*t + 167 = -108. What is the greatest common divisor of b and t?
5
Let i(k) = -k**3 - 3*k**2 + 6*k + 10. Let r be i(-4). Let s be r/(-6) - -23*10/6. Calculate the highest common factor of 57 and s.
19
Let d(r) = 2 + 9 - 6*r - 7 + r**2 + 1. Let v be d(7). Let a(k) = k**3 - 12*k**2 + 4. Let j be a(v). Calculate the highest common divisor of 28 and j.
4
Let f be (-25)/(58/24 + 56/(-21)). What is the greatest common factor of 80 and f?
20
Suppose -64 = -7*l + 27. Let x be (l + 1 - 2)*(-14)/(-3). What is the greatest common factor of x and 8?
8
Suppose -13 = -r + 9. Let h = 27 - r. What is the highest common divisor of h and 5?
5
Let u = -2773 - -2899. Calculate the highest common factor of u and 90.
18
Suppose 3*s = -15, -2*j = -6*j - s + 59. Let b(t) = -t + 20. Let y be b(j). Suppose 2*x = 4*x - 56. What is the greatest common divisor of x and y?
4
Let z = 0 - -3. Suppose -z*d = -7*d + 184. Suppose 4*o - d - 14 = 0. Calculate the highest common divisor of 60 and o.
15
Suppose 37*o = o + 468. Calculate the greatest common divisor of 949 and o.
13
Suppose -13 = -11*f + 383. What is the highest common divisor of 12 and f?
12
Suppose -6*l + 26 = -4. Suppose l*i - 1137 = 3*y, 0 = i - 4*y + 5*y - 221. Suppose -6*p = -p - i. What is the highest common factor of 9 and p?
9
Suppose -532 = -3*l + 4*x - 85, 3*l + 5*x - 474 = 0. What is the highest common factor of l and 18?
9
Let i(j) = j**3 - 10*j**2 + 15*j - 19. Let c be i(9). What is the highest common divisor of 15 and c?
5
Let s(k) = -50*k + 5. Let t be s(-3). Let b = t + -93. Suppose d + 5*z - 105 = 3, 4*z + 174 = 2*d. What is the greatest common factor of d and b?
31
Let o(i) = 41*i**3 - 2*i**2 - i + 4. Let s be o(1). What is the highest common divisor of s and 24?
6
Suppose -4*b = 4, 2*b - 3*b + 16